 (base 3) in base 8?
434
4b1 (base 13) to base 16
334
Convert -170 (base 15) to base 3.
-110020
What is 1362 (base 8) in base 15?
354
2076 (base 10) to base 3
2211220
What is 103355 (base 6) in base 15?
2812
What is -46234 (base 7) in base 10?
-11785
What is 52ca (base 14) in base 16?
37d2
Convert 1220 (base 15) to base 9.
5253
Convert 8667 (base 15) to base 11.
1a411
-1600 (base 10) to base 5
-22400
21302 (base 4) to base 5
10001
What is 7052 (base 12) in base 13?
56c3
Convert 1011100101111 (base 2) to base 10.
5935
-76 (base 13) to base 10
-97
Convert -13112 (base 4) to base 7.
-1241
What is 110010101010 (base 2) in base 11?
2488
ef6 (base 16) to base 3
12020212
Convert -b8 (base 15) to base 11.
-148
555 (base 8) to base 16
16d
1720 (base 9) to base 2
10100100010
Convert 5547 (base 8) to base 4.
231213
-1214 (base 7) to base 11
-381
Convert -7831 (base 10) to base 6.
-100131
What is -1011001000011 (base 2) in base 5?
-140244
What is -776 (base 13) in base 15?
-5a5
What is -250504 (base 7) in base 6?
-552204
-1b9bb (base 12) to base 10
-41183
What is 11829 (base 10) in base 7?
46326
What is 21d (base 15) in base 9?
581
Convert c548 (base 13) to base 3.
1101101222
Convert -1261 (base 11) to base 6.
-11332
What is 6aa (base 15) in base 7?
4255
What is 4141 (base 6) in base 16?
39d
Convert -7014 (base 9) to base 14.
-1c16
Convert 78 (base 15) to base 2.
1110001
Convert -a02 (base 13) to base 7.
-4635
What is -3a61 (base 13) in base 5?
-231420
Convert -2134 (base 6) to base 15.
-22a
What is -1001001010 (base 2) in base 12?
-40a
-7317 (base 9) to base 14
-1d50
-23 (base 9) to base 4
-111
-200222012 (base 3) to base 16
-3605
What is -2c8e (base 16) in base 6?
-124450
What is -347 (base 11) in base 2?
-110011110
-236 (base 10) to base 11
-1a5
35050 (base 7) to base 13
40c9
Convert 15546 (base 7) to base 4.
1010223
2215 (base 8) to base 16
48d
-7cc1 (base 13) to base 16
-449c
Convert 9268 (base 14) to base 16.
625c
Convert -1350353 (base 6) to base 15.
-17a70
Convert -22340 (base 5) to base 14.
-81d
What is 36335 (base 8) in base 5?
444311
33 (base 4) to base 2
1111
Convert -1330 (base 4) to base 13.
-97
What is -76316 (base 8) in base 13?
-11709
Convert -376 (base 11) to base 8.
-676
15e0 (base 15) to base 10
4710
22242 (base 10) to base 12
10a56
What is 3ed (base 15) in base 14?
482
Convert -1001010101 (base 2) to base 13.
-36c
What is -40432 (base 5) in base 15?
-b97
Convert -47 (base 12) to base 13.
-43
Convert -10626 (base 10) to base 9.
-15516
Convert -b49 (base 12) to base 4.
-121221
Convert -2d5 (base 14) to base 3.
-210110
Convert 444 (base 6) to base 8.
254
Convert -3639 (base 10) to base 11.
-2809
1110 (base 13) to base 2
100101001011
Convert -2344 (base 6) to base 15.
-27d
bb11 (base 12) to base 5
1124410
Convert -9c49 (base 15) to base 6.
-413240
4455 (base 6) to base 5
13133
What is -2121420 (base 5) in base 11?
-24a40
Convert -14032 (base 11) to base 9.
-30382
Convert 4032 (base 7) to base 8.
2563
247 (base 8) to base 9
205
What is 35556 (base 9) in base 8?
56350
What is 563 (base 12) in base 3?
1002110
-bfc (base 16) to base 6
-22112
-2531 (base 12) to base 13
-1bc1
Convert -284 (base 13) to base 4.
-12332
-53b7 (base 13) to base 10
-11642
Convert c43 (base 13) to base 9.
2764
Convert -30677 (base 9) to base 13.
-929b
-3cd7 (base 14) to base 12
-6299
Convert -10130001 (base 4) to base 13.
-8373
-3452 (base 10) to base 4
-311330
What is -22e7 (base 16) in base 7?
-35023
What is -3a9a (base 12) in base 11?
-507a
What is 1385 (base 13) in base 7?
11126
101110110110 (base 2) to base 16
bb6
What is -c43 (base 15) in base 13?
-1347
12511 (base 7) to base 6
23244
Convert b96 (base 13) to base 9.
2642
What is 1001 (base 14) in base 11?
2076
What is 4002 (base 7) in base 3?
1212220
What is 30066 (base 8) in base 10?
12342
212012 (base 3) to base 16
272
-5a7b (base 15) to base 9
-28348
What is -2725 (base 10) in base 14?
-dc9
What is -a957 (base 12) in base 16?
-48d3
Convert 310203 (base 4) to base 5.
101423
-311132 (base 4) to base 9
-4622
Convert 3220111 (base 5) to base 7.
314422
Convert 2970 (base 10) to base 13.
1476
Convert -132b9 (base 12) to base 14.
-9861
Convert 7191 (base 13) to base 16.
3d32
1310 (base 13) to base 2
101010011101
Convert 238 (base 12) to base 3.
110022
-6454 (base 9) to base 2
-1001010001011
What is 198 (base 12) in base 15?
125
Convert 32513 (base 6) to base 3.
20012000
Convert -60b6 (base 15) to base 13.
-93ab
What is 80 (base 14) in base 3?
11011
What is 121112 (base 3) in base 5?
3241
100 (base 5) to base 3
221
Convert -3344 (base 6) to base 2.
-1100010000
What is -5390 (base 10) in base 3?
-21101122
-11023 (base 8) to base 10
-4627
6995 (base 13) to base 4
3213221
Convert -13656 (base 8) to base 16.
-17ae
Convert 3885 (base 9) to base 10.
2912
Convert 5570 (base 16) to base 8.
52560
What is -540a (base 11) in base 16?
-1bed
Convert 88b (base 13) to base 12.
a23
What is 14323 (base 6) in base 15?
a23
What is 420 (base 10) in base 15?
1d0
What is -13601 (base 10) in base 7?
-54440
12c20 (base 14) to base 5
2440114
Convert -1110010 (base 3) to base 4.
-100200
What is 33326 (base 10) in base 13?
12227
What is 4a24 (base 13) in base 16?
290c
What is -6204 (base 10) in base 8?
-14074
Convert 1112010211 (base 3) to base 11.
20596
Convert -18308 (base 10) to base 15.
-5658
Convert -12121100 (base 3) to base 16.
-ff6
Convert -44031 (base 6) to base 5.
-143232
-1183 (base 16) to base 14
-18c3
What is -12407 (base 8) in base 6?
-40531
Convert 1100 (base 7) to base 10.
392
What is bb2b (base 12) in base 8?
50223
What is -13201303 (base 4) in base 13?
-1105c
-1111100001000 (base 2) to base 9
-11806
What is 776 (base 9) in base 6?
2540
-1111000110110 (base 2) to base 7
-31356
-8db (base 14) to base 3
-2102020
Convert 524232 (base 6) to base 10.
42428
1ac (base 16) to base 10
428
13310 (base 4) to base 7
1313
Convert 10111010010 (base 2) to base 15.
695
-521 (base 10) to base 13
-311
7 (base 15) to base 5
12
Convert 515 (base 12) to base 8.
1341
Convert 14434 (base 7) to base 5.
111434
What is 38341 (base 10) in base 6?
453301
What is -5a2 (base 11) in base 14?
-393
What is -21115 (base 6) in base 9?
-3822
Convert -2603 (base 11) to base 10.
-3391
What is 132 (base 6) in base 2?
111000
What is 33356 (base 10) in base 13?
1224b
Convert -5070 (base 9) to base 8.
-7174
Convert -11650 (base 9) to base 3.
-101201200
What is -707 (base 9) in base 10?
-574
What is 372b (base 15) in base 13?
5462
100010000100101 (base 2) to base 5
1024240
Convert -110101001111 (base 2) to base 12.
-1b7b
-579 (base 11) to base 5
-10231
-b (base 15) to base 8
-13
What is -1089 (base 11) in base 15?
-653
Convert 234224 (base 8) to base 2.
10011100010010100
-573 (base 9) to base 8
-727
-16b1 (base 16) to base 3
-21222011
-125 (base 14) to base 10
-229
2612 (base 14) to base 7
25322
-8e5 (base 15) to base 9
-2678
-110001011000 (base 2) to base 10
-3160
What is -230f (base 16) in base 12?
-523b
-c64 (base 13) to base 14
-aaa
5677 (base 10) to base 16
162d
3c1 (base 13) to base 14
356
What is -1523 (base 8) in base 6?
-3535
Convert -100100101 (base 2) to base 4.
-10211
What is 10001000010101100 (base 2) in base 16?
110ac
What is 23a (base 12) in base 9?
411
What is -4221 (base 5) in base 7?
-1431
Convert -35762 (base 8) to base 6.
-155014
What is -140103 (base 6) in base 11?
-9848
What is -28859 (base 10) in base 4?
-13002323
Convert 11534 (base 6) to base 14.
8a6
-44303 (base 5) to base 7
-11655
What is -205002 (base 6) in base 15?
-4dde
-1000000000010 (base 2) to base 8
-10002
What is -1465 (base 16) in base 5?
-131341
What is -13124 (base 6) in base 11?
-1555
Convert 86a (base 16) to base 5.
32104
-8e2 (base 15) to base 12
-11b8
-15bb (base 15) to base 2
-1001001000100
Convert dca (base 15) to base 3.
11021101
What is -204a5 (base 11) in base 14?
-ac65
What is 31350 (base 7) in base 13?
3696
-2109 (base 11) to base 9
-3742
Convert -111101110101 (base 2) to base 13.
-1a55
What is 3303 (base 6) in base 4?
23313
What is 20101012 (base 4) in base 16?
8446
336 (base 16) to base 12
586
11221021 (base 3) to base 7
13330
What is -13333312 (base 4) in base 16?
-7ff6
What is -377 (base 11) in base 7?
-1206
134566 (base 8) to base 4
23211312
What is -7956 (base